et i be d(5). Suppose 10*a - i = 2*a. Let r = a + 37. List the prime factors of r.
2, 43
Suppose 75 + 100 = 7*l. Suppose -2*t = -l - 75. List the prime factors of t.
2, 5
Let t(b) = 53*b**2 - 13*b - 3. What are the prime factors of t(-13)?
3, 3041
Let q(x) = 613*x**2 + 231*x + 1971. List the prime factors of q(-10).
60961
Let u(x) be the second derivative of x**4/6 + 11*x**3/6 + 11*x**2/2 - 2*x - 53. List the prime factors of u(-8).
3, 17
Let p(j) = 7*j + 12. Let r be p(-3). Let y(k) = -k**3 - 7*k**2 + 13*k + 45. List the prime factors of y(r).
2, 3, 5
Let u be 1508 + -5 + (-2 - -3). Suppose -3*s + 7*s - 2*i = 3012, -2*i = -2*s + u. List the prime factors of s.
2, 13, 29
Let i(c) = -c**3 + 8*c**2 + 5*c - 8. Let t = -35 + 42. Let d be i(t). List the prime factors of d - -10 - (0 - -1).
5, 17
Let m(n) = 22*n**3 - 4*n**2 + 16*n - 31. Let g be (42/63 + (-1)/(-12))*4. List the prime factors of m(g).
5, 23
Suppose -10*w + 20060 = -0*w. Suppose 12*s = -5*s + w. List the prime factors of s.
2, 59
Suppose -3*l - 42 = 5*u, 4*u = 5*l - 0*u + 33. Let b(i) = -58*i - 6. List the prime factors of b(l).
2, 3, 43
Suppose -n = -2*o + 320, o = -n - 2*o - 310. Let c(l) = l**2 + 37*l + 237. Let h be c(-21). Let q = h - n. What are the prime factors of q?
7, 31
Let u be (-1)/(-4*(-7)/(-112)). Suppose -26*r = -27*r, 3*r + 2864 = u*b. List the prime factors of b.
2, 179
Let v(s) = s - 1. Let n(a) = -8*a - 1. Suppose 3*g - 13 = -5*h, -4*g + 3 + 19 = 2*h. Let k(o) = g*v(o) + n(o). List the prime factors of k(-29).
3, 17
List the prime factors of (2945 - -11 - -11) + 12.
3, 331
List the prime factors of 4724 - 4 - (12 + -2).
2, 3, 5, 157
Let w be (-95 + -3 + 1)*(-2)/(-2). Let h = w + 19. Let z = 148 + h. List the prime factors of z.
2, 5, 7
Let c be ((-2)/(-6))/(3/153). Suppose 0*x + c = 4*j + 5*x, -j + 5 = 2*x. What are the prime factors of 186/2 + (j - 3)?
3, 31
Let p(q) = 182*q**2 - 11*q + 49. What are the prime factors of p(6)?
5, 1307
Let s = 131 - 135. Let l be (-5)/s + 126/(-24). What are the prime factors of ((-24)/(-2) + l)/(4/66)?
2, 3, 11
Let z = 319 + -317. Suppose z*w = -2*p + 226, -2*w + 4*w - p = 220. What are the prime factors of w?
3, 37
Suppose -5*i + 23622 = -4*i - 4*u, i = -u + 23617. What are the prime factors of i?
2, 7, 241
Let v(j) = 5883*j - 42. List the prime factors of v(3).
3, 5869
List the prime factors of 3/66*-4 - 1308012/(-132).
3, 367
Let f(a) = -16*a + 2*a - 51 - 13*a. Let m = 1358 + -1364. What are the prime factors of f(m)?
3, 37
Let f(x) = -x**2 - 29*x - 187. Let g be f(-19). List the prime factors of (21385/21 - 1)/(2/g).
2, 7, 109
Suppose -f - 5*o + 226 = 0, 0 = 2*o - 6 + 6. What are the prime factors of f?
2, 113
Let r = -98 + 122. Let l be 3/10*r/(-18)*-5. Suppose 0 = l*y - 6*y - 5*x + 382, -3*x = 6. List the prime factors of y.
2, 7
Suppose 137386 = -38*v + 733188. What are the prime factors of v?
15679
Let v(w) be the third derivative of -w**6/60 - 13*w**5/20 - 19*w**4/24 + 25*w**3/3 - 139*w**2. List the prime factors of v(-19).
2, 5
Let r(o) = 8558*o**2 + 36*o + 72. List the prime factors of r(-2).
2, 11, 389
Let x(g) = -373*g - 2475. List the prime factors of x(-39).
2, 3, 503
Let l = -265 - -483. Let q = 627 + l. What are the prime factors of q?
5, 13
What are the prime factors of 105376/28 + 3 + (-100)/(-175)?
3767
Let u = -616 + 632. Suppose 6*r - 23628 = -u*r. List the prime factors of r.
2, 3, 179
Let q(y) be the first derivative of -4*y**5/15 - 31*y**4/24 - 3*y**3 - 15. Let t(v) be the third derivative of q(v). List the prime factors of t(-7).
193
Suppose 0 = i + 3*f + 247 - 684, 1311 = 3*i - 4*f. Let r = -172 + i. What are the prime factors of r?
5, 53
Suppose 4*r = -20, b - 5*r - 222 = -r. Let o = b - 107. Suppose -4*s = s - o. List the prime factors of s.
19
Let o(i) = 208*i**2 + 14*i + 50. List the prime factors of o(-4).
2, 11, 151
Let n = -1852 - -3364. Suppose -4*l = -9*l + 2*b + 2532, -3*l + 3*b + n = 0. List the prime factors of l.
2, 127
Let h be 8/6 + 8/3. Suppose h*z + 28*z - 23904 = 0. What are the prime factors of z?
3, 83
What are the prime factors of (20004 + 21 + 17)*((-5)/(-2) + -2)?
11, 911
Suppose -75*j - 192524 = -5*z - 77*j, -2*z + j + 76997 = 0. What are the prime factors of z?
2, 3, 23, 31
Suppose i = x + 855, -5*i + 10*i = 2*x + 4287. Let n = -398 + i. What are the prime factors of n?
461
Let k(l) = 446*l - 358. Let m be k(7). Suppose -59*d + 55*d = -m. List the prime factors of d.
691
Suppose 0 = -16*t + 18*t - 232. Let y = t - 130. Let w(m) = -2*m**3 - 28*m**2 - 3*m + 26. What are the prime factors of w(y)?
2, 17
Let p = 91051 + -61437. What are the prime factors of p?
2, 13, 17, 67
Let d(o) = -43*o + 7. Suppose 5*n - 3*m = -76 - 45, -4*n + 2*m - 96 = 0. Let t = n - -21. What are the prime factors of d(t)?
3, 31
Let n(v) = -v**3 - 54*v**2 + 484*v + 323. List the prime factors of n(-64).
11, 937
Let c = 43 + -38. Let s be 6816/80 + (-1)/c. Let m = s - -18. What are the prime factors of m?
103
Suppose -3*u - 5*y + 481 = 0, -5*y + 157 = -14*u + 15*u. Suppose u*j = 165*j - 3108. List the prime factors of j.
2, 7, 37
Suppose -6*k = 9 - 39. Suppose -k*m + m = -t - 12, 2*t + m - 3 = 0. List the prime factors of (1023/(-66))/((-1)/6 - t).
3, 31
Let l(n) = -4*n**2 + 34*n - 39. Let b be l(16). Let z = b + 1093. List the prime factors of z.
2, 7, 41
Let y(o) be the first derivative of o**3 + 3*o**2 - 8*o - 33. Let h be y(-8). Suppose -2*i = -78 - h. What are the prime factors of i?
107
Suppose 2*b = -4*h + 16, 0*b - 3*b + 16 = 2*h. Let d be 0/(b*4/8). Suppose 2*u - 45 - 39 = d. List the prime factors of u.
2, 3, 7
Let y = 8966 - -16079. What are the prime factors of y?
5, 5009
Let u(f) = 269*f**2 - 9*f + 24. List the prime factors of u(9).
2, 3, 1811
Suppose -17*x - 20 = -21*x. Let h = -77 - -79. Suppose h*o - o = x*v + 42, -v + 12 = o. What are the prime factors of o?
17
Let l(h) = 34*h**2 - 6*h - 2. Let z be l(-1). Let b(y) = 2*y**2 - 52*y - 167. What are the prime factors of b(z)?
5, 149
Let w(a) = -a**3 - 8*a**2 + 25*a + 36. Let s be w(-10). What are the prime factors of (-106)/(-14) - -6 - (-8)/s?
13
Suppose -2*g = 4*t - 28884, 0 = 5*g + 90 - 60. List the prime factors of t.
2, 3, 7, 43
Suppose 9007 = 38*y - 34*y + 5*m, 0 = -2*y + 4*m + 4510. List the prime factors of y.
3, 751
Suppose -2683 = -3*c + 569. Let g = c + -703. What are the prime factors of g?
3, 127
Suppose -2154 = 4*l - 0*r - 2*r, 4*r = 2*l + 1092. Let f = 862 + l. Suppose -4*q + f = 3*z, 350 + 59 = 5*q + 3*z. What are the prime factors of q?
83
Let u be (-42)/(-56) - 436/(-16). Suppose 0 = 25*t - u*t + 1029. List the prime factors of t.
7
List the prime factors of (64422 + 22 - -26) + -7.
7, 9209
Suppose -105*w = -115*w + 58476 + 68644. List the prime factors of w.
2, 7, 227
Suppose 0 = 48*y + 23*y - 78242. What are the prime factors of y?
2, 19, 29
Let s(h) = -h**2 + 14*h + 60. Let m be s(9). What are the prime factors of (15*(-6)/9)/((-14)/m)?
3, 5
Suppose 2*k + 69 = -197. Let p = k - -463. What are the prime factors of p?
2, 3, 5, 11
Suppose 14*h - 12*h = r - 22, 4*h + 80 = 4*r. What are the prime factors of ((-6)/(r/3) - -22)*19?
3, 7, 19
Let g(f) = f**3 - 28*f**2 - 26*f - 80. Let l be g(29). Suppose 0 = -l*h - 2803 + 12981. List the prime factors of h.
2, 727
Let n(i) = -405*i - 1188. What are the prime factors of n(-41)?
3, 571
Let y be (-7)/(-3) - 7*5/105. Let m(j) = -7*j**2 - 7 - 5*j + 46*j**y - 21*j**2. What are the prime factors of m(3)?
2, 5, 7
Let j be (-1286)/2 + (19 - 27). Let d = -619 - j. What are the prime factors of d?
2
Suppose -3*c = 2*k - 231, 5*k + 0*k = c + 569. List the prime factors of 6/(-24)*-2*k.
3, 19
Suppose -m + 29 = -4*w, 5*m - 101 = 4*w - 6*w. Suppose -214 = -22*b + m*b. What are the prime factors of b?
2, 107
Let c(d) = 49*d - 115. Let o(p) = 2*p**3 + 10*p**2 - 15*p - 11. Let v be o(-6). List the prime factors of c(v).
2, 3, 19
List the prime factors of 5068 - (1*3 - (99 - 94)).
2, 3, 5, 13
Suppose -18269 = 18*h - 917. Let q = h - -1824. List the prime factors of q.
2, 5, 43
Let h be (-580406)/(-261) - 2/(-9). Suppose 0 = -v + 4, 4*k - h = -v - 2*v. What are the prime factors of k?
7, 79
Let i be (2553/(-6) - -1)*(-4)/(-6). Let u = i - -557. What are the prime factors of u?
2, 137
List the prime 